{"id":37212,"date":"2024-09-28T18:49:22","date_gmt":"2024-09-28T18:49:22","guid":{"rendered":"https:\/\/zirkel.biz\/?post_type=cpt_portfolio&#038;p=37212"},"modified":"2024-09-28T18:49:22","modified_gmt":"2024-09-28T18:49:22","slug":"certificado-sustainable-wineries-for-climate-protection-swfcp","status":"publish","type":"cpt_portfolio","link":"https:\/\/zirkel.biz\/fr\/portfolio\/certificado-sustainable-wineries-for-climate-protection-swfcp\/","title":{"rendered":"Certificat \"Vignobles durables pour la protection du climat\" (SWFCP)"},"content":{"rendered":"<h3 class=\"wp-block-heading\">Le d\u00e9fi<\/h3>\n\n\n\n<p>Depuis ses d\u00e9buts, le Celler Avgvstvs Forvm a une vocation claire pour la durabilit\u00e9 qui s'applique \u00e0 la pratique des t\u00e2ches effectu\u00e9es dans les phases de vinification et de cave. Pour souligner la durabilit\u00e9 de sa gestion, elle souhaite \u00e9valuer la mise en \u0153uvre et la certification du programme WFCP (Sustainable Wineries For Climate Protection), d\u00e9velopp\u00e9 par la F\u00e9d\u00e9ration espagnole du vin (FEV), afin de certifier les caves qui appliquent de bonnes pratiques du point de vue de la durabilit\u00e9.<\/p>\n\n\n\n<h3 class=\"wp-block-heading\">La solution<\/h3>\n\n\n\n<p>Chez Zirkel, nous avons d\u00e9velopp\u00e9 les outils de gestion et les indicateurs ESG d\u00e9finis par le syst\u00e8me de certification Wineries For Climate Protection (WFCP), parmi lesquels nous soulignons le calcul de l'empreinte carbone des \u00e9tapes de la vinification et de la cave (scopes 1, 2 et 3). La certification est bas\u00e9e sur <strong>4 Dimensions<\/strong> qui aborde tous les aspects cl\u00e9s de la durabilit\u00e9 :<\/p>\n\n\n\n<div class=\"wp-block-group\"><div class=\"wp-block-group__inner-container is-layout-constrained wp-block-group-is-layout-constrained\">\n<div class=\"wp-block-columns is-layout-flex wp-container-core-columns-is-layout-9d6595d7 wp-block-columns-is-layout-flex\">\n<div class=\"wp-block-column is-layout-flow wp-block-column-is-layout-flow\" style=\"flex-basis:50%\">\n<div class=\"wp-block-group\"><div class=\"wp-block-group__inner-container is-layout-constrained wp-block-group-is-layout-constrained\">\n<div class=\"wp-block-columns is-layout-flex wp-container-core-columns-is-layout-9d6595d7 wp-block-columns-is-layout-flex\">\n<div class=\"wp-block-column is-layout-flow wp-block-column-is-layout-flow\">\n<p style=\"font-size:14px\"><strong>ENVIRONNEMENT<\/strong><\/p>\n\n\n\n<ul class=\"wp-block-list\">\n<li class=\"has-small-font-size\">\u00c9missions de GES<\/li>\n\n\n\n<li class=\"has-small-font-size\">Efficacit\u00e9 \u00e9nerg\u00e9tique<\/li>\n\n\n\n<li class=\"has-small-font-size\">Gestion de l'eau<\/li>\n\n\n\n<li class=\"has-small-font-size\">Gestion des d\u00e9chets<\/li>\n\n\n\n<li class=\"has-small-font-size\">Sol et biodiversit\u00e9<\/li>\n<\/ul>\n<\/div>\n\n\n\n<div class=\"wp-block-column is-layout-flow wp-block-column-is-layout-flow\">\n<p style=\"font-size:14px\"><strong>SOCIAL<\/strong><\/p>\n\n\n\n<ul class=\"wp-block-list\">\n<li class=\"has-small-font-size\">Travailleurs et fournisseurs<\/li>\n\n\n\n<li class=\"has-small-font-size\">Territoire et culture locale<\/li>\n\n\n\n<li class=\"has-small-font-size\">Sant\u00e9 et s\u00e9curit\u00e9 des consommateurs<\/li>\n<\/ul>\n<\/div>\n<\/div>\n<\/div><\/div>\n<\/div>\n\n\n\n<div class=\"wp-block-column is-layout-flow wp-block-column-is-layout-flow\" style=\"flex-basis:15%\">\n<p style=\"font-size:14px\"><strong>\u00c9CONOMIQUE<\/strong><\/p>\n\n\n\n<ul class=\"wp-block-list\">\n<li class=\"has-small-font-size\">Efficacit\u00e9<\/li>\n\n\n\n<li class=\"has-small-font-size\">La r\u00e9silience<\/li>\n<\/ul>\n<\/div>\n\n\n\n<div class=\"wp-block-column is-layout-flow wp-block-column-is-layout-flow\" style=\"flex-basis:25%\">\n<p style=\"font-size:14px\"><strong>GOUVERNANCE<\/strong><\/p>\n\n\n\n<ul class=\"wp-block-list\">\n<li class=\"has-small-font-size\">Comportement \u00e9thique<\/li>\n\n\n\n<li class=\"has-small-font-size\">Gestion et communication en mati\u00e8re de d\u00e9veloppement durable<\/li>\n\n\n\n<li class=\"has-small-font-size\">Relations avec les parties prenantes<\/li>\n<\/ul>\n<\/div>\n<\/div>\n<\/div><\/div>\n\n\n\n<h3 class=\"wp-block-heading\">Valeur apport\u00e9e<\/h3>\n\n\n\n<p>L'obtention de la certification \"Sustainable Wineries for Climate Protection\" a apport\u00e9 une valeur significative \u00e0 Celler Avgvstvs Forvm, en d\u00e9montrant sa durabilit\u00e9 et son alignement sur les objectifs de d\u00e9veloppement durable. En outre, elle lui a permis d'obtenir une reconnaissance diff\u00e9rentielle sur le march\u00e9 national et international. La mesure et l'obtention des \u00e9missions de gaz \u00e0 effet de serre (GES) dans les champs d'application 1, 2 et 3 ont permis d'\u00e9tablir un diagnostic pr\u00e9cis de l'impact environnemental de la cave. Cela a permis de concevoir un plan de r\u00e9duction ax\u00e9 sur l'optimisation des processus et la prise de d\u00e9cisions qui contribuent de mani\u00e8re significative \u00e0 la r\u00e9duction de l'empreinte carbone.<\/p>","protected":false},"excerpt":{"rendered":"<p>Celler Avgvstvs Forvm souligne son engagement en faveur de la durabilit\u00e9 \u00e0 toutes les \u00e9tapes de la production du vin. Pour valider sa gestion durable, la cave certifie ses pratiques par le biais du programme WFCP (Sustainable Wineries For Climate Protection) de la F\u00e9d\u00e9ration espagnole du vin (FEV).<\/p>","protected":false},"author":2,"featured_media":37213,"template":"","cpt_portfolio_group":[323],"class_list":["post-37212","cpt_portfolio","type-cpt_portfolio","status-publish","has-post-thumbnail","hentry","cpt_portfolio_group-certificacion"],"_links":{"self":[{"href":"https:\/\/zirkel.biz\/fr\/wp-json\/wp\/v2\/cpt_portfolio\/37212","targetHints":{"allow":["GET"]}}],"collection":[{"href":"https:\/\/zirkel.biz\/fr\/wp-json\/wp\/v2\/cpt_portfolio"}],"about":[{"href":"https:\/\/zirkel.biz\/fr\/wp-json\/wp\/v2\/types\/cpt_portfolio"}],"author":[{"embeddable":true,"href":"https:\/\/zirkel.biz\/fr\/wp-json\/wp\/v2\/users\/2"}],"wp:featuredmedia":[{"embeddable":true,"href":"https:\/\/zirkel.biz\/fr\/wp-json\/wp\/v2\/media\/37213"}],"wp:attachment":[{"href":"https:\/\/zirkel.biz\/fr\/wp-json\/wp\/v2\/media?parent=37212"}],"wp:term":[{"taxonomy":"cpt_portfolio_group","embeddable":true,"href":"https:\/\/zirkel.biz\/fr\/wp-json\/wp\/v2\/cpt_portfolio_group?post=37212"}],"curies":[{"name":"wp","href":"https:\/\/api.w.org\/{rel}","templated":true}]}}

<h3 class="wp-block-heading">Le défi</h3>



<p>Depuis ses débuts, le Celler Avgvstvs Forvm a une vocation claire pour la durabilité qui s'applique à la pratique des tâches effectuées dans les phases de vinification et de cave. Pour souligner la durabilité de sa gestion, elle souhaite évaluer la mise en œuvre et la certification du programme WFCP (Sustainable Wineries For Climate Protection), développé par la Fédération espagnole du vin (FEV), afin de certifier les caves qui appliquent de bonnes pratiques du point de vue de la durabilité.</p>



<h3 class="wp-block-heading">La solution</h3>



<p>Chez Zirkel, nous avons développé les outils de gestion et les indicateurs ESG définis par le système de certification Wineries For Climate Protection (WFCP), parmi lesquels nous soulignons le calcul de l'empreinte carbone des étapes de la vinification et de la cave (scopes 1, 2 et 3). La certification est basée sur <strong>4 Dimensions</strong> qui aborde tous les aspects clés de la durabilité :</p>



<div class="wp-block-group"><div class="wp-block-group__inner-container is-layout-constrained wp-block-group-is-layout-constrained">
<div class="wp-block-columns is-layout-flex wp-container-core-columns-is-layout-9d6595d7 wp-block-columns-is-layout-flex">
<div class="wp-block-column is-layout-flow wp-block-column-is-layout-flow" style="flex-basis:50%">
<div class="wp-block-group"><div class="wp-block-group__inner-container is-layout-constrained wp-block-group-is-layout-constrained">
<div class="wp-block-columns is-layout-flex wp-container-core-columns-is-layout-9d6595d7 wp-block-columns-is-layout-flex">
<div class="wp-block-column is-layout-flow wp-block-column-is-layout-flow">
<p style="font-size:14px"><strong>ENVIRONNEMENT</strong></p>



<ul class="wp-block-list">
<li class="has-small-font-size">Émissions de GES</li>



<li class="has-small-font-size">Efficacité énergétique</li>



<li class="has-small-font-size">Gestion de l'eau</li>



<li class="has-small-font-size">Gestion des déchets</li>



<li class="has-small-font-size">Sol et biodiversité</li>
</ul>
</div>



<div class="wp-block-column is-layout-flow wp-block-column-is-layout-flow">
<p style="font-size:14px"><strong>SOCIAL</strong></p>



<ul class="wp-block-list">
<li class="has-small-font-size">Travailleurs et fournisseurs</li>



<li class="has-small-font-size">Territoire et culture locale</li>



<li class="has-small-font-size">Santé et sécurité des consommateurs</li>
</ul>
</div>
</div>
</div></div>
</div>



<div class="wp-block-column is-layout-flow wp-block-column-is-layout-flow" style="flex-basis:15%">
<p style="font-size:14px"><strong>ÉCONOMIQUE</strong></p>



<ul class="wp-block-list">
<li class="has-small-font-size">Efficacité</li>



<li class="has-small-font-size">La résilience</li>
</ul>
</div>



<div class="wp-block-column is-layout-flow wp-block-column-is-layout-flow" style="flex-basis:25%">
<p style="font-size:14px"><strong>GOUVERNANCE</strong></p>



<ul class="wp-block-list">
<li class="has-small-font-size">Comportement éthique</li>



<li class="has-small-font-size">Gestion et communication en matière de développement durable</li>



<li class="has-small-font-size">Relations avec les parties prenantes</li>
</ul>
</div>
</div>
</div></div>



<h3 class="wp-block-heading">Valeur apportée</h3>



<p>L'obtention de la certification "Sustainable Wineries for Climate Protection" a apporté une valeur significative à Celler Avgvstvs Forvm, en démontrant sa durabilité et son alignement sur les objectifs de développement durable. En outre, elle lui a permis d'obtenir une reconnaissance différentielle sur le marché national et international. La mesure et l'obtention des émissions de gaz à effet de serre (GES) dans les champs d'application 1, 2 et 3 ont permis d'établir un diagnostic précis de l'impact environnemental de la cave. Cela a permis de concevoir un plan de réduction axé sur l'optimisation des processus et la prise de décisions qui contribuent de manière significative à la réduction de l'empreinte carbone.</p>

<p>Celler Avgvstvs Forvm souligne son engagement en faveur de la durabilité à toutes les étapes de la production du vin. Pour valider sa gestion durable, la cave certifie ses pratiques par le biais du programme WFCP (Sustainable Wineries For Climate Protection) de la Fédération espagnole du vin (FEV).</p>
